s the units digit of y(-17)?
9
Let r = 6 + -10. Let a(m) = -m**3 - 3*m**2 + 6*m + 3. Let z be a(r). What is the units digit of (-8)/20 - 112/z?
2
Suppose -3*m + 1598 = -a, 0 = -20*a + 15*a + 5. What is the hundreds digit of m?
5
Suppose -4*v - y - 36 = 17, -v = y + 14. Let b(c) be the first derivative of c**2/2 + 14*c - 1. What is the units digit of b(v)?
1
Let j be (3/3)/((-1)/(-2)). Let d(p) = p. Let a be d(j). Suppose 0 = a*h - 5*h + 99. What is the tens digit of h?
3
Let c = 9535 + -4409. What is the tens digit of c?
2
Let l(r) = -r**2 + 5*r + 3. Let w be l(0). Suppose x = -k + 168, -2*k + w*x + 534 = k. What is the units digit of k?
3
Let p = -34 + 39. Let d = 9 + -7. Suppose -i = 2*y - d*i - 11, -i - 32 = -p*y. What is the units digit of y?
7
Let l = 38 - -89. Suppose 11 - l = -4*v. Suppose 11 = 5*r - v. What is the units digit of r?
8
Let x = -7 - -5. Let a = x - 23. Let j = 39 + a. What is the tens digit of j?
1
Let a(j) be the third derivative of -29*j**5/120 + j**4/24 - 2*j**3/3 + 3*j**2. Let b(p) be the first derivative of a(p). What is the units digit of b(-1)?
0
Let q(m) = 17*m + 1. Let s(f) = f + 1. Let u be s(4). Suppose 7 = p + 3*t, -2*p - 2*t + 1 = -u. What is the tens digit of q(p)?
1
Let m(n) = n**2 - 10*n + 2. Let r(g) = g**3 + 6*g**2 - 2*g - 3. Let h be r(-6). Let i be m(h). Let j(x) = -x**2 - 10*x - 8. What is the units digit of j(i)?
3
Suppose -2*a + 2*p = -5*a + 5, -5*a + 3*p = -40. Let x(m) = 12*m + 16. What is the tens digit of x(a)?
7
Suppose 4*y - 4*u = 5*y - 736, 0 = -5*y + 4*u + 3800. What is the tens digit of y?
5
Let p = -36 + 40. What is the tens digit of (286 + 1)*p/14?
8
What is the hundreds digit of ((-2)/6)/((-4)/4236)?
3
Let h = 1919 + -913. What is the hundreds digit of h?
0
Let l(c) = -232*c + 1. Let b be l(1). Let o = -131 - b. Suppose y + 21 = 3*x - o, -3 = 3*y. What is the units digit of x?
0
Let j(i) = -3*i**3 + 38*i**2 - 6*i - 39. What is the tens digit of j(10)?
0
Suppose -45*k + 10341 + 40644 = 0. What is the thousands digit of k?
1
Suppose -3*o = -5*x + 10, 0 = -3*x + o + 10 - 0. Let j(p) be the third derivative of -p**6/120 + 7*p**5/60 + p**3/3 - 141*p**2. What is the tens digit of j(x)?
5
Let i be (-992)/10 - 72/90. Let w = i + 122. What is the tens digit of w?
2
Let x(r) = -4*r**2 - 38*r - 2. What is the tens digit of x(-7)?
6
Let g(k) = -2*k + 1 - 13*k**2 + 13*k**2 + 6*k**2 - 2. What is the tens digit of g(-2)?
2
Let u(i) = 19*i + 36. Let c be u(5). Let d = 8 + c. What is the units digit of d?
9
Let a = 743 - -2168. What is the units digit of a?
1
Let j = 351 + -198. What is the units digit of j?
3
Let t be (14 - (-2 - 0)) + 0. Let m be -11 + 13 - ((-3)/(-3) - 3). Let b = t - m. What is the tens digit of b?
1
Let j = 84 - 83. What is the units digit of ((-337)/(-3) - j)*9/6?
7
Let t(b) = -b + 30. Let a(v) = v**3 + 8*v**2 + 6*v + 1. Let y be a(-7). What is the tens digit of t(y)?
2
Let z(c) = -58*c**2 + 4 - 9 + 35*c**2 - 32*c + 29*c**2. What is the tens digit of z(7)?
6
Let w(h) = 7*h + 18. Let c be w(0). Suppose -c*g = -17*g - 93. What is the tens digit of g?
9
Let y(l) = -58*l - 1. What is the tens digit of y(-3)?
7
Suppose -3*m + 2*m + 5*w = 5, -w = 2*m - 45. What is the tens digit of 912/m - 12/(-30)?
4
Let s(i) = -i**3 - 16*i**2 + 7*i + 57. What is the tens digit of s(-19)?
0
Let s = 4626 + -1677. What is the tens digit of s?
4
Let x be 1/(-2) - 182/(-28). Let d = x + -5. What is the units digit of d?
1
Let b be -3*(-3 - 14/(-6)). Suppose -2*q = -0*m - b*m + 114, -4*m - 2*q = -198. What is the tens digit of m?
5
Let f be (-7)/(21/(-9)) - -22. Let k = f + -6. What is the tens digit of k?
1
Suppose 0 = 4*t + 2*h - 2942, 2*t + 31 - 1496 = 5*h. What is the tens digit of t?
3
Let r = -47 + 49. What is the tens digit of 0 + (-3 + r - -64)?
6
Let g = 566 - 37. What is the units digit of g?
9
Let k(a) = -3*a**2 - 25*a - 12. Let w be k(-14). Let n = w + 379. What is the hundreds digit of n?
1
Suppose 274 = 5*g - 81. Suppose -g = -y - 4*b, b + 6 = 3*b. What is the units digit of y?
9
Suppose 5*c = 11*k - 9*k + 1685, -c - 3*k + 337 = 0. What is the hundreds digit of c?
3
Let o be (-8)/(-32) + 78/8. Let r(a) = 6*a**2 + 0*a + a**3 - o*a - 10 + a**2. What is the units digit of r(-8)?
6
Let j = 400 + -250. What is the units digit of j?
0
Suppose 2*a + 2*s - 1070 = 0, -2170 = -4*a - 14*s + 16*s. What is the units digit of a?
0
Let u be 0 + 21*((-16)/(-12))/(-1). Let p(z) = -z**2 - 33*z - 6. What is the tens digit of p(u)?
3
Let j = 13 - -9. Suppose -6*p = -5*p - j. What is the tens digit of p?
2
What is the hundreds digit of ((-416)/3)/(15/(-45))?
4
Let z(u) = -u**3 + 9*u**2 - 2*u + 6. Let m be z(8). Suppose 3*x + 3*x + m = 0. Let r = x - -12. What is the units digit of r?
3
Let r = 2241 + -836. What is the tens digit of r?
0
Let c = 58 + -46. Suppose -c*k + 8*k = -292. What is the tens digit of k?
7
Let u = 29 + 30. Let n = 103 - u. Let t = -22 + n. What is the units digit of t?
2
Let s = 1021 - 24. What is the units digit of s?
7
Suppose -5*m - 5*k = -2*m - 13, -m + 3*k = -9. Suppose -v - 3*v - r + m = 0, 4*v = 3*r + 14. Suppose v*g - 6*g = -56. What is the units digit of g?
4
What is the thousands digit of (6321 - 1) + 6*(6 + -7)?
6
Let q = 62 - 38. Let a = 67 - -9. What is the units digit of a/14 - q/56?
5
What is the units digit of (7632/20)/((-21)/(-70))?
2
Let k(g) be the second derivative of g**4/12 + g**3/2 - 4*g. Let m be k(-4). Suppose -m*v = -14 - 2. What is the units digit of v?
4
Let c = -32 - -58. Let s = 20 - c. Let w(n) = n**2 - n + 8. What is the units digit of w(s)?
0
Let u be -1 - 0 - (2 - -22). Suppose c = 2*x + 3*x - 46, 4*c + 159 = -5*x. Let a = u - c. What is the units digit of a?
6
What is the hundreds digit of (26 + 0)*(-771)/(-6)?
3
Suppose 3*r = -2*j + 4227 - 321, -3906 = -2*j - 5*r. What is the tens digit of j?
5
Let f = -74 + 70. What is the tens digit of -2 - (0 - 69) - f?
7
Let h(z) = -z**3 - 3*z - 2. Let i be h(-1). Suppose 270 = i*s - 24. What is the tens digit of 1*-1*s/(-3)?
4
Let z(v) = -3*v**2 + 33*v - 15. What is the tens digit of z(8)?
5
Let o(d) = d**3 + 17*d**2 - 18*d - 12. What is the hundreds digit of o(-15)?
7
Let l(w) be the third derivative of 3/8*w**4 + 0*w + 11/6*w**3 + 0 + 2*w**2. What is the units digit of l(5)?
6
Let x(t) = -82*t + 42*t - 3*t**2 + 35*t + 4*t**2. What is the units digit of x(-7)?
4
Let t(h) = 233*h - 15. What is the units digit of t(9)?
2
Suppose 643 = 7*r - 141. What is the hundreds digit of r?
1
What is the units digit of 200/(-60)*546/(-4)?
5
Suppose -t - 3*z + 8*z + 7 = 0, t - 13 = 2*z. Suppose -b - 2*l = -t, 3*b - 51 = -l + 15. What is the tens digit of b?
2
Let b(l) = -8*l**2 - 242*l - 34. What is the tens digit of b(-25)?
1
Let z be (-3 - -3)/(-3) + 4. Suppose 0*s = z*s - 108. What is the units digit of s?
7
What is the units digit of 85 - 30/(-1 + -4)?
1
Let f = 11 - 15. What is the units digit of (-4456)/(-36) - f - (-4)/18?
8
Suppose 12*w + 5*u = 11*w + 580, -5*w = u - 2828. What is the hundreds digit of w?
5
Let l be 32/10 - 6/30. Suppose -x + 2*v = 2, 8*x - 2*v = l*x - 2. Suppose x = 15*q - 11*q - 96. What is the tens digit of q?
2
Suppose 0 = -3*l + l, -5*w + 5*l = 5. Let x(s) be the second derivative of -23*s**3/6 + s**2/2 - 68*s. What is the units digit of x(w)?
4
Let v = 120 + -69. Let m = 166 - v. What is the tens digit of m?
1
Let z be (-2 + (-33)/6)*-2. Let w be z/(-9) - 2/(-3). What is the units digit of 48/9 + w/3?
5
Let z(b) = -59*b + 61. What is the units digit of z(-7)?
4
Let p be -44*(-12)/(-28)*-7. Suppose 2*m - 66 = p. What is the tens digit of m?
9
Suppose -3 = -3*g - 0. Let d be -35*(2 - 3)/g. Let l = -13 + d. What is the units digit of l?
2
Suppose -7*h + 114 = -5*h. Suppose c - h = g, -c + 0*g = 2*g - 57. What is the tens digit of c?
5
Let k(o) = -o**2 + 11*o + 31. Let j be k(13). Suppose -h + 4 = -n + j, 3 = n. What is the units digit of h?
2
Suppose 6*t = -66 + 258. Let b = -27 + t. What is the units digit of b?
5
Let d(a) = 2*a**2 - 10*a - 7. Let w be d(6). Suppose -w*v + 128 = -257. What is the units digit of v?
7
Suppose y + 5*d - 128 = 1559, -2*y - 2*d + 3350 = 0. What is the thousands digit of y?
1
Let l = -42 + 20. Let m = 28 + l. Suppose 414 = -0*i + m*i. What is the units digit of i?
9
Let c 